{"id":21,"date":"2023-10-14T19:53:06","date_gmt":"2023-10-14T19:53:06","guid":{"rendered":"https:\/\/wt-gp.de\/?page_id=21"},"modified":"2024-06-06T00:11:37","modified_gmt":"2024-06-06T00:11:37","slug":"ueber-uns","status":"publish","type":"page","link":"https:\/\/wt-gp.de\/?page_id=21","title":{"rendered":"WingTsun"},"content":{"rendered":"\n<div class=\"wp-block-group has-background\" style=\"background-color:#f1f1f1\"><div class=\"wp-block-group__inner-container is-layout-constrained wp-block-group-is-layout-constrained\">\n<p><strong>Wirkungsvolle Selbstverteidigung und mehr<\/strong><\/p>\n\n\n\n<p>Das vor ca. 300 Jahren in China entstandene WingTsun gilt heute als eines der effektivsten <strong>Selbst\u00adverteidigungs\u00ad\u00adsysteme<\/strong>. Aber, das sei kurz angemerkt, bevor wir das Thema Selbstverteidigung behandeln: WingTsun ist noch mehr.<\/p>\n\n\n\n<figure class=\"wp-block-image size-large\"><img loading=\"lazy\" decoding=\"async\" width=\"1024\" height=\"706\" src=\"https:\/\/wt-gp.de\/wp-content\/uploads\/2024\/05\/IMG_5406_copyfreigestellt2-1024x706.jpg\" alt=\"\" class=\"wp-image-1607\" srcset=\"https:\/\/wt-gp.de\/wp-content\/uploads\/2024\/05\/IMG_5406_copyfreigestellt2-1024x706.jpg 1024w, https:\/\/wt-gp.de\/wp-content\/uploads\/2024\/05\/IMG_5406_copyfreigestellt2-300x207.jpg 300w, https:\/\/wt-gp.de\/wp-content\/uploads\/2024\/05\/IMG_5406_copyfreigestellt2-768x530.jpg 768w, https:\/\/wt-gp.de\/wp-content\/uploads\/2024\/05\/IMG_5406_copyfreigestellt2-1536x1060.jpg 1536w, https:\/\/wt-gp.de\/wp-content\/uploads\/2024\/05\/IMG_5406_copyfreigestellt2-2048x1413.jpg 2048w\" sizes=\"auto, (max-width: 767px) 89vw, (max-width: 1000px) 54vw, (max-width: 1071px) 543px, 580px\" \/><figcaption class=\"wp-element-caption\">Deeskalation. Halten Sie bitte Abstand! Und falls es mit der&nbsp;Deeskalation&nbsp;doch nicht klappt, sind wir gesch\u00fctzt und bereit. F\u00fcr potenzielle Zeugen machen wir auch klar: Der mit den offenen H\u00e4nden ist der Verteidiger, der mit den F\u00e4usten ist der Aggressor.<\/figcaption><\/figure>\n\n\n\n<ul class=\"wp-block-list\">\n<li style=\"line-height:1.5\">Wing Tsun gibt Ihnen <strong>Sicherheit und Gelassenheit<\/strong>, denn Sie wissen, dass Sie sich wehren k\u00f6nnen. Und wer Sicherheit ausstrahlt, wird auch weit seltener das Ziel von k\u00f6rperlichen Angriffen.<br><\/li>\n\n\n\n<li style=\"line-height:1.5\">WingTsun ist ein wertvoller <strong>Beitrag zu Ihrem k\u00f6rperlichen Wohlbefinden und Ihrer Gesundheit<\/strong>: WT schult Koordinationsverm\u00f6gen, Reaktion und Gleichgewichtssinn &#8211; alles F\u00e4higkeiten, die ohne Training mit den Jahren und Jahrzehnten nachlassen. Das muss nicht sein. Ein wichtiges Merkmal von WingTsun-Bewegungen ist, dass sie entspannt ausgef\u00fchrt werden. WingTsun tut daher allen gut, die Probleme mit Verspannungen haben. Das \u00dcben der exakten Bewegungen des WT und dass Sie lernen, \u201cfeinf\u00fchlig\u201d auf Ihren Gegner zu reagieren, werden Ihnen dabei helfen, ein gut ausgepr\u00e4gtes K\u00f6rperbewusstsein zu entwickeln.<br><\/li>\n\n\n\n<li style=\"line-height:1.5\">Die Besch\u00e4ftigung mit dem durchdachten System und seiner &#8222;Logik&#8220; ist <strong>auch geistig sehr anregend<\/strong> und faszinierend.<br><\/li>\n\n\n\n<li style=\"line-height:1.5\">Und auch nicht unwichtig: WingTsun, die faszinierende Kampfkunst, <strong>macht Spa\u00df<\/strong>.<\/li>\n<\/ul>\n\n\n\n<figure class=\"wp-block-image size-large\"><img loading=\"lazy\" decoding=\"async\" width=\"1024\" height=\"786\" src=\"https:\/\/wt-gp.de\/wp-content\/uploads\/2024\/05\/IMG_5687_copy2-1024x786.jpg\" alt=\"\" class=\"wp-image-1618\" srcset=\"https:\/\/wt-gp.de\/wp-content\/uploads\/2024\/05\/IMG_5687_copy2-1024x786.jpg 1024w, https:\/\/wt-gp.de\/wp-content\/uploads\/2024\/05\/IMG_5687_copy2-300x230.jpg 300w, https:\/\/wt-gp.de\/wp-content\/uploads\/2024\/05\/IMG_5687_copy2-768x590.jpg 768w, https:\/\/wt-gp.de\/wp-content\/uploads\/2024\/05\/IMG_5687_copy2-1536x1180.jpg 1536w, https:\/\/wt-gp.de\/wp-content\/uploads\/2024\/05\/IMG_5687_copy2-2048x1573.jpg 2048w\" sizes=\"auto, (max-width: 767px) 89vw, (max-width: 1000px) 54vw, (max-width: 1071px) 543px, 580px\" \/><figcaption class=\"wp-element-caption\">Ganz typisch f\u00fcr WingTsun: Abwehr und GLEICHZEITIGER Konter. W\u00e4hrend der Angreifer noch mit seinem Angriff &#8222;besch\u00e4ftigt&#8220; ist, erfolgt schon unser Konter \u2013 in den er regelrecht hinein l\u00e4uft. Es ist gef\u00e4hrlich, uns anzugreifen.<\/figcaption><\/figure>\n\n\n\n<p>Kommen wir zur\u00fcck auf WingTsun als Selbstverteidigungs\u00adsystem. Im Gegensatz zu <strong>Kampf<em>sport<\/em>arten <\/strong>wie Boxen, Kickboxen, Karate, Taekwondo, Ringen, Judo, Thaiboxen (Muay Thai) oder MMA (Mixed Martial Arts) orientiert sich WingTsun <em>nicht <\/em>an den Regeln, Techniken und typischen Szenarien des sportlichen, fairen Wettkampfs. <\/p>\n\n\n\n<p>WingTsun wurde speziell f\u00fcr <strong>reale Bedrohungssituationen<\/strong> entwickelt. Wir bringen Ihnen bei, sich gegen Angreifer zu verteidigen, die keine sportlichen Regeln beachten, m\u00f6glicherweise \u00fcberfallartig angreifen, Ihre Gesundheit oder gar Ihr Leben bedrohen.<\/p>\n\n\n\n<figure class=\"wp-block-image size-large\"><img loading=\"lazy\" decoding=\"async\" width=\"1024\" height=\"802\" src=\"https:\/\/wt-gp.de\/wp-content\/uploads\/2024\/05\/IMG_5433_copy_bearbeitet6-1024x802.jpg\" alt=\"\" class=\"wp-image-1600\" srcset=\"https:\/\/wt-gp.de\/wp-content\/uploads\/2024\/05\/IMG_5433_copy_bearbeitet6-1024x802.jpg 1024w, https:\/\/wt-gp.de\/wp-content\/uploads\/2024\/05\/IMG_5433_copy_bearbeitet6-300x235.jpg 300w, https:\/\/wt-gp.de\/wp-content\/uploads\/2024\/05\/IMG_5433_copy_bearbeitet6-768x602.jpg 768w, https:\/\/wt-gp.de\/wp-content\/uploads\/2024\/05\/IMG_5433_copy_bearbeitet6-1536x1204.jpg 1536w, https:\/\/wt-gp.de\/wp-content\/uploads\/2024\/05\/IMG_5433_copy_bearbeitet6-2048x1605.jpg 2048w\" sizes=\"auto, (max-width: 767px) 89vw, (max-width: 1000px) 54vw, (max-width: 1071px) 543px, 580px\" \/><figcaption class=\"wp-element-caption\">Hoch effektiv in der <em>Selbstverteidigung<\/em> und <em>ganz typisch<\/em> f\u00fcr <em>WingTsun<\/em>: Handkantenschlag zum Hals f\u00fchrt zum sofortigen KO des Angreifers, ohne dass gro\u00dfe Kraft notwendig w\u00e4re. Der rechte Arm des Gegners ist durch den Griff kontrolliert, sein linker Arm durch den angehobenen Ellbogen des Handkantenschlags. Aufgrund ihrer Gef\u00e4hrlichkeit ist diese Technik im sportlichen Wettkampf verboten. <\/figcaption><\/figure>\n\n\n\n<p>Beim Kampfsport gibt es \u00fcblicherweise Gewichtsklassen, die daf\u00fcr sorgen, dass in Wettk\u00e4mpfen nur Sportler aufeinander treffen, die etwa vergleichbare k\u00f6rperliche Voraussetzungen haben. Ein Aggressor auf der Stra\u00dfe wird aber leider bevorzugt (vermeintlich) k\u00f6rperlich Unterlegene angreifen. <strong>T\u00e4ter suchen Opfer, keine Gegner. <\/strong><\/p>\n\n\n\n<p>Im WingTsun gehen wir immer von einem oder mehreren k\u00f6rperlich \u00fcberlegen, unfairen Angreifern aus. Und dass auch gef\u00e4hrliche Gegenst\u00e4nde wie Baseballschl\u00e4ger oder Messer im Spiel sein k\u00f6nnen.<\/p>\n\n\n\n<figure class=\"wp-block-image size-full\"><img loading=\"lazy\" decoding=\"async\" width=\"644\" height=\"964\" src=\"https:\/\/wt-gp.de\/wp-content\/uploads\/2024\/05\/vlcsnap-2024-05-16-23h29m48s280_4.jpg\" alt=\"\" class=\"wp-image-1661\" srcset=\"https:\/\/wt-gp.de\/wp-content\/uploads\/2024\/05\/vlcsnap-2024-05-16-23h29m48s280_4.jpg 644w, https:\/\/wt-gp.de\/wp-content\/uploads\/2024\/05\/vlcsnap-2024-05-16-23h29m48s280_4-200x300.jpg 200w\" sizes=\"auto, (max-width: 644px) 100vw, 644px\" \/><figcaption class=\"wp-element-caption\">Das Shirt wird gepackt, Alex, die Verteidigerin, reagiert SOFORT und l\u00f6st das Problem mit EINER EINZIGEN Bewegung. Warum sind sofortige &#8222;Ein-Schritt-L\u00f6sungen&#8220; Standard im WingTsun? Sie haben wahrscheinlich nicht bemerkt, dass der Angreifer etwas in der rechten Hand hat&#8230; Auch Alex h\u00e4tte das Messer im Ernstfall nicht rechtzeitig gesehen, der Angreifer hielt es hinter seinem R\u00fccken versteckt. H\u00e4tte sie nur einen Augenblick gez\u00f6gert oder eine umst\u00e4ndlichere &#8222;Zwei-Schritt-L\u00f6sung&#8220; versucht, wie man sie h\u00e4ufig sieht, w\u00e4re das Messer zum Einsatz gekommen.<\/figcaption><\/figure>\n\n\n\n<p>WingTsun vermittelt <strong>intelligente, schnelle, dabei oft verbl\u00fcffend einfache Techniken<\/strong>, mit denen wir uns in solchen Situationen erfolgreich verteidigen k\u00f6nnen \u2013 die in Wettkampf-Disziplinen meist aber (zu Recht) verboten sind. <\/p>\n\n\n\n<p>Das bedeutet auch, will man WingTsun lernen, muss man <strong>keine besondere Fitness als Voraussetzung<\/strong> mitbringen. WingTsun kann praktisch jede und jeder lernen. <strong>Wir machen Sie selbstverteidigungsf\u00e4hig, so wie Sie sind.<\/strong><\/p>\n\n\n\n<figure class=\"wp-block-image size-full\"><img loading=\"lazy\" decoding=\"async\" width=\"800\" height=\"533\" src=\"https:\/\/wt-gp.de\/wp-content\/uploads\/2023\/10\/MG_7872.jpg\" alt=\"\" class=\"wp-image-530\" srcset=\"https:\/\/wt-gp.de\/wp-content\/uploads\/2023\/10\/MG_7872.jpg 800w, https:\/\/wt-gp.de\/wp-content\/uploads\/2023\/10\/MG_7872-300x200.jpg 300w, https:\/\/wt-gp.de\/wp-content\/uploads\/2023\/10\/MG_7872-768x512.jpg 768w\" sizes=\"auto, (max-width: 767px) 89vw, (max-width: 1000px) 54vw, (max-width: 1071px) 543px, 580px\" \/><figcaption class=\"wp-element-caption\">Die legend\u00e4re Holzpuppe des WingTsun<\/figcaption><\/figure>\n\n\n\n<p>Der bekannteste WingTsun-Sch\u00fcler ist \u00fcbrigens <strong>Bruce Lee<\/strong>. Eine gewisse Ber\u00fchmtheit erlangte in den letzten Jahren auch Bruce Lees WingTsun-Lehrer <strong>Gro\u00dfmeister<\/strong> <strong>Ip Man<\/strong> durch die Ip-Man-Filmreihe. <a href=\"https:\/\/wingtsunwelt.com\/die-geschichte-des-wingtsun#shaolin\">Hier<\/a> finden Sie mehr zur Geschichte des WingTsun.<\/p>\n\n\n\n<p>Mehr zu <strong>Deeskalation, Psychologie und Strategie<\/strong>: <a href=\"https:\/\/wt-gp.de\/?page_id=243\" data-type=\"page\" data-id=\"243\">WT f\u00fcr M\u00e4nner<\/a> und <a href=\"https:\/\/wt-gp.de\/?page_id=248\" data-type=\"page\" data-id=\"248\">WT f\u00fcr Frauen<\/a><\/p>\n\n\n\n<p class=\"has-text-align-center has-background\" style=\"background-color:#ffdb00;line-height:1.4\"><a href=\"https:\/\/wt-gp.de\/?page_id=22\"><strong>Probetraining vereinbaren<\/strong><\/a><\/p>\n\n\n\n<p class=\"has-vivid-red-color has-text-color has-link-color wp-elements-d9bb2c103ed1a54f228a6b22ea01c125\"><strong>Viele internationale Spezialeinheiten trainieren WingTsun.<\/strong><\/p>\n\n\n\n<figure class=\"wp-block-image size-large\"><img loading=\"lazy\" decoding=\"async\" width=\"1024\" height=\"569\" src=\"https:\/\/wt-gp.de\/wp-content\/uploads\/2024\/03\/New_24-1024x569.png\" alt=\"\" class=\"wp-image-1032\"\/><figcaption class=\"wp-element-caption\">WingTsun schl\u00e4gt auch im Bodenkampf, was in vielen &#8222;Bodenkampf-Stilen&#8220;, wie etwa dem Ringen, nicht erlaubt ist. Au\u00dferdem setzen wir Tritte, Ellbogenst\u00f6\u00dfe und Kniest\u00f6\u00dfe im Bodenkampf ein. Allerdings versucht WingTsun den Bodenkontakt zu vermeiden. Wir k\u00f6nnten leicht von Tritten Umstehender getroffen werden. Leider traurige Realit\u00e4t. Und was, wenn wir feststellen, dass der Gegner, mit dem wir am Boden verkn\u00e4ult sind, ein Messer gezogen hat? Wir versuchen DRINGEND, den Bodenkampf zu vermeiden. Und gegebenenfalls schnellst m\u00f6glich wieder auf die Beine zu kommen. Um weg zu kommen. <\/figcaption><\/figure>\n<\/div><\/div>\n","protected":false},"excerpt":{"rendered":"<p>Wirkungsvolle Selbstverteidigung und mehr Das vor ca. 300 Jahren in China entstandene WingTsun gilt heute als eines der effektivsten Selbst\u00adverteidigungs\u00ad\u00adsysteme. Aber, das sei kurz angemerkt, bevor wir das Thema Selbstverteidigung behandeln: WingTsun ist noch mehr. Kommen wir zur\u00fcck auf WingTsun als Selbstverteidigungs\u00adsystem. Im Gegensatz zu Kampfsportarten wie Boxen, Kickboxen, Karate, Taekwondo, Ringen, Judo, Thaiboxen (Muay &hellip; <\/p>\n<p class=\"link-more\"><a href=\"https:\/\/wt-gp.de\/?page_id=21\" class=\"more-link\"><span class=\"screen-reader-text\">\u201eWingTsun\u201c<\/span> weiterlesen<\/a><\/p>\n","protected":false},"author":1,"featured_media":0,"parent":0,"menu_order":0,"comment_status":"closed","ping_status":"closed","template":"","meta":{"_uag_custom_page_level_css":"","footnotes":""},"class_list":["post-21","page","type-page","status-publish","hentry"],"uagb_featured_image_src":{"full":false,"thumbnail":false,"medium":false,"medium_large":false,"large":false,"1536x1536":false,"2048x2048":false,"twentyseventeen-featured-image":false,"twentyseventeen-thumbnail-avatar":false},"uagb_author_info":{"display_name":"admin","author_link":"https:\/\/wt-gp.de\/?author=1"},"uagb_comment_info":0,"uagb_excerpt":"Wirkungsvolle Selbstverteidigung und mehr Das vor ca. 300 Jahren in China entstandene WingTsun gilt heute als eines der effektivsten Selbst\u00adverteidigungs\u00ad\u00adsysteme. Aber, das sei kurz angemerkt, bevor wir das Thema Selbstverteidigung behandeln: WingTsun ist noch mehr. Kommen wir zur\u00fcck auf WingTsun als Selbstverteidigungs\u00adsystem. Im Gegensatz zu Kampfsportarten wie Boxen, Kickboxen, Karate, Taekwondo, Ringen, Judo, Thaiboxen (Muay&hellip;","_links":{"self":[{"href":"https:\/\/wt-gp.de\/index.php?rest_route=\/wp\/v2\/pages\/21","targetHints":{"allow":["GET"]}}],"collection":[{"href":"https:\/\/wt-gp.de\/index.php?rest_route=\/wp\/v2\/pages"}],"about":[{"href":"https:\/\/wt-gp.de\/index.php?rest_route=\/wp\/v2\/types\/page"}],"author":[{"embeddable":true,"href":"https:\/\/wt-gp.de\/index.php?rest_route=\/wp\/v2\/users\/1"}],"replies":[{"embeddable":true,"href":"https:\/\/wt-gp.de\/index.php?rest_route=%2Fwp%2Fv2%2Fcomments&post=21"}],"version-history":[{"count":194,"href":"https:\/\/wt-gp.de\/index.php?rest_route=\/wp\/v2\/pages\/21\/revisions"}],"predecessor-version":[{"id":1746,"href":"https:\/\/wt-gp.de\/index.php?rest_route=\/wp\/v2\/pages\/21\/revisions\/1746"}],"wp:attachment":[{"href":"https:\/\/wt-gp.de\/index.php?rest_route=%2Fwp%2Fv2%2Fmedia&parent=21"}],"curies":[{"name":"wp","href":"https:\/\/api.w.org\/{rel}","templated":true}]}}